inder when 127 is divided by 30.
7
Calculate the remainder when 647 is divided by 8.
7
What is the remainder when 8432 is divided by 74?
70
Calculate the remainder when 432 is divided by 143.
3
Calculate the remainder when 1256 is divided by 414.
14
What is the remainder when 33 is divided by 23?
10
What is the remainder when 76 is divided by 3?
1
Calculate the remainder when 190 is divided by 16.
14
Calculate the remainder when 125 is divided by 48.
29
What is the remainder when 105 is divided by 56?
49
What is the remainder when 20 is divided by 9?
2
Calculate the remainder when 1859 is divided by 85.
74
Calculate the remainder when 89 is divided by 26.
11
What is the remainder when 369 is divided by 78?
57
Calculate the remainder when 4140 is divided by 1377.
9
What is the remainder when 1954 is divided by 103?
100
What is the remainder when 85 is divided by 76?
9
Calculate the remainder when 2923 is divided by 86.
85
Calculate the remainder when 8625 is divided by 38.
37
Calculate the remainder when 4940 is divided by 16.
12
What is the remainder when 3721 is divided by 17?
15
What is the remainder when 97 is divided by 43?
11
What is the remainder when 13 is divided by 3?
1
Calculate the remainder when 55 is divided by 30.
25
What is the remainder when 238 is divided by 15?
13
Calculate the remainder when 38 is divided by 37.
1
Calculate the remainder when 744 is divided by 230.
54
Calculate the remainder when 735 is divided by 41.
38
What is the remainder when 105 is divided by 37?
31
Calculate the remainder when 489 is divided by 62.
55
Calculate the remainder when 617 is divided by 23.
19
What is the remainder when 72 is divided by 18?
0
Calculate the remainder when 281 is divided by 103.
75
What is the remainder when 283 is divided by 51?
28
Calculate the remainder when 1908 is divided by 23.
22
What is the remainder when 215 is divided by 38?
25
What is the remainder when 41689 is divided by 13?
11
What is the remainder when 5218 is divided by 87?
85
What is the remainder when 782 is divided by 28?
26
What is the remainder when 1008 is divided by 83?
12
Calculate the remainder when 196 is divided by 11.
9
Calculate the remainder when 768 is divided by 77.
75
Calculate the remainder when 24 is divided by 5.
4
Calculate the remainder when 1935 is divided by 6.
3
Calculate the remainder when 1581 is divided by 66.
63
Calculate the remainder when 936 is divided by 78.
0
What is the remainder when 720 is divided by 69?
30
What is the remainder when 774 is divided by 771?
3
What is the remainder when 495 is divided by 112?
47
What is the remainder when 2300 is divided by 377?
38
What is the remainder when 721 is divided by 50?
21
What is the remainder when 664 is divided by 44?
4
What is the remainder when 181 is divided by 178?
3
Calculate the remainder when 12 is divided by 6.
0
What is the remainder when 59 is divided by 34?
25
What is the remainder when 42 is divided by 10?
2
Calculate the remainder when 2406 is divided by 43.
41
Calculate the remainder when 72 is divided by 5.
2
Calculate the remainder when 239 is divided by 40.
39
Calculate the remainder when 11656 is divided by 315.
1
What is the remainder when 1099 is divided by 10?
9
Calculate the remainder when 237 is divided by 65.
42
Calculate the remainder when 111 is divided by 35.
6
What is the remainder when 15369 is divided by 58?
57
What is the remainder when 92 is divided by 82?
10
Calculate the remainder when 31 is divided by 12.
7
What is the remainder when 1198 is divided by 40?
38
What is the remainder when 162 is divided by 88?
74
Calculate the remainder when 48 is divided by 11.
4
What is the remainder when 2885 is divided by 138?
125
Calculate the remainder when 102 is divided by 45.
12
What is the remainder when 230 is divided by 39?
35
Calculate the remainder when 525 is divided by 16.
13
What is the remainder when 510 is divided by 64?
62
Calculate the remainder when 2548 is divided by 37.
32
Calculate the remainder when 323 is divided by 68.
51
Calculate the remainder when 80 is divided by 22.
14
What is the remainder when 63 is divided by 33?
30
What is the remainder when 622 is divided by 40?
22
Calculate the remainder when 58 is divided by 15.
13
Calculate the remainder when 9917 is divided by 25.
17
What is the remainder when 250 is divided by 36?
34
What is the remainder when 472 is divided by 43?
42
Calculate the remainder when 206 is divided by 26.
24
Calculate the remainder when 208 is divided by 69.
1
Calculate the remainder when 477 is divided by 81.
72
What is the remainder when 3256 is divided by 14?
8
What is the remainder when 17346 is divided by 3467?
11
What is the remainder when 1994 is divided by 105?
104
What is the remainder when 930 is divided by 49?
48
What is the remainder when 182 is divided by 43?
10
Calculate the remainder when 239 is divided by 15.
14
Calculate the remainder when 2765 is divided by 22.
15
Calculate the remainder when 10715 is divided by 47.
46
Calculate the remainder when 19 is divided by 16.
3
Calculate the remainder when 45 is divided by 25.
20
Calculate the remainder when 363 is divided by 115.
18
Calculate the remainder when 204 is divided by 36.
24
What is the remainder when 96 is divided by 23?
4
What is the remainder when 413 is divided by 83?
81
What is the remainder when 2352 is divided by 11?
9
Calculate the remainder when 1852 is divided by 11.
4
Calculate the remainder when 2174 is divided by 22.
18
What is the remainder when 796 is divided by 220?
136
Calculate the remainder when 161 is divided by 76.
9
Calculate the remainder when 160 is divided by 76.
8
Calculate the remainder when 889 is divided by 33.
31
Calculate the remainder when 1185 is divided by 79.
0
Calculate the remainder when 638 is divided by 202.
32
What is the remainder when 179 is divided by 61?
57
What is the remainder when 399 is divided by 113?
60
What is the remainder when 1516 is divided by 228?
148
Calculate the remainder when 34 is divided by 8.
2
What is the remainder when 4478 is divided by 54?
50
Calculate the remainder when 78 is divided by 9.
6
What is the remainder when 55 is divided by 19?
17
Calculate the remainder when 664 is divided by 61.
54
Calculate the remainder when 127 is divided by 26.
23
What is the remainder when 729 is divided by 24?
9
Calculate the remainder when 11924 is divided by 168.
164
Calculate the remainder when 5671 is divided by 4.
3
What is the remainder when 84 is divided by 16?
4
What is the remainder when 193 is divided by 13?
11
What is the remainder when 103209 is divided by 183?
180
What is the remainder when 768 is divided by 35?
33
What is the remainder when 190 is divided by 102?
88
Calculate the remainder when 1139 is divided by 25.
14
What is the remainder when 1212 is divided by 128?
60
What is the remainder when 11422 is divided by 51?
49
What is the remainder when 5370 is divided by 27?
24
What is the remainder when 46 is divided by 7?
4
What is the remainder when 303 is divided by 73?
11
What is the remainder when 3786 is divided by 18?
6
Calculate the remainder when 2068 is divided by 10.
8
Calculate the remainder when 425 is divided by 144.
137
Calculate the remainder when 188 is divided by 185.
3
What is the remainder when 762 is divided by 761?
1
What is the remainder when 87 is divided by 7?
3
Calculate the remainder when 7612 is divided by 81.
79
Calculate the remainder when 1159 is divided by 29.
28
What is the remainder when 258 is divided by 5?
3
What is the remainder when 32074 is divided by 162?
160
What is the remainder when 208 is divided by 10?
8
What is the remainder when 75 is divided by 63?
12
What is the remainder when 111 is divided by 67?
44
Calculate the remainder when 619 is divided by 56.
3
What is the remainder when 463 is divided by 462?
1
What is the remainder when 119 is divided by 15?
14
Calculate the remainder when 5990 is divided by 125.
115
What is the remainder when 971 is divided by 168?
131
What is the remainder when 1448 is divided by 710?
28
Calculate the remainder when 268 is divided by 37.
9
Calculate the remainder when 247 is divided by 42.
37
What is the remainder when 1155 is divided by 16?
3
What is the remainder when 253 is divided by 6